is the units digit of 3894?
4
What is the units digit of 9200?
0
What is the tens digit of 374?
7
What is the units digit of 2?
2
What is the units digit of 627?
7
What is the hundreds digit of 2131?
1
What is the hundreds digit of 453?
4
What is the units digit of 4720?
0
What is the tens digit of 77312?
1
What is the hundreds digit of 2338?
3
What is the units digit of 686?
6
What is the units digit of 7836?
6
What is the hundreds digit of 336?
3
What is the tens digit of 8049?
4
What is the units digit of 1755?
5
What is the hundreds digit of 1589?
5
What is the thousands digit of 1318?
1
What is the tens digit of 32628?
2
What is the units digit of 7907?
7
What is the tens digit of 49831?
3
What is the tens digit of 174?
7
What is the hundreds digit of 260?
2
What is the thousands digit of 4108?
4
What is the units digit of 18782?
2
What is the thousands digit of 13566?
3
What is the hundreds digit of 1070?
0
What is the units digit of 797?
7
What is the tens digit of 6316?
1
What is the tens digit of 7534?
3
What is the tens digit of 916?
1
What is the thousands digit of 35690?
5
What is the units digit of 4185?
5
What is the units digit of 35215?
5
What is the hundreds digit of 8877?
8
What is the units digit of 8780?
0
What is the tens digit of 67598?
9
What is the thousands digit of 9279?
9
What is the units digit of 627?
7
What is the hundreds digit of 1369?
3
What is the hundreds digit of 56670?
6
What is the units digit of 3253?
3
What is the units digit of 7557?
7
What is the units digit of 355?
5
What is the hundreds digit of 14505?
5
What is the tens digit of 901?
0
What is the units digit of 7507?
7
What is the tens digit of 3860?
6
What is the units digit of 1701?
1
What is the tens digit of 57781?
8
What is the thousands digit of 76552?
6
What is the thousands digit of 27724?
7
What is the tens digit of 7746?
4
What is the units digit of 2769?
9
What is the hundreds digit of 31444?
4
What is the tens digit of 2341?
4
What is the tens digit of 1520?
2
What is the tens digit of 693?
9
What is the tens digit of 76529?
2
What is the ten thousands digit of 94067?
9
What is the thousands digit of 50002?
0
What is the ten thousands digit of 70285?
7
What is the hundreds digit of 8352?
3
What is the thousands digit of 3930?
3
What is the hundreds digit of 2340?
3
What is the thousands digit of 59125?
9
What is the tens digit of 1839?
3
What is the units digit of 11804?
4
What is the units digit of 5820?
0
What is the thousands digit of 1114?
1
What is the hundreds digit of 978?
9
What is the thousands digit of 5261?
5
What is the tens digit of 50775?
7
What is the ten thousands digit of 42863?
4
What is the tens digit of 40598?
9
What is the hundreds digit of 4522?
5
What is the tens digit of 4673?
7
What is the thousands digit of 2685?
2
What is the thousands digit of 6703?
6
What is the tens digit of 2084?
8
What is the units digit of 14844?
4
What is the ten thousands digit of 20019?
2
What is the hundreds digit of 1847?
8
What is the thousands digit of 2054?
2
What is the units digit of 2122?
2
What is the units digit of 2838?
8
What is the thousands digit of 16823?
6
What is the units digit of 1336?
6
What is the thousands digit of 6894?
6
What is the thousands digit of 2718?
2
What is the tens digit of 2135?
3
What is the thousands digit of 2121?
2
What is the tens digit of 27786?
8
What is the units digit of 4333?
3
What is the thousands digit of 97974?
7
What is the tens digit of 42268?
6
What is the ten thousands digit of 16391?
1
What is the hundreds digit of 11503?
5
What is the hundreds digit of 7532?
5
What is the hundreds digit of 8293?
2
What is the hundreds digit of 25431?
4
What is the units digit of 48?
8
What is the units digit of 107236?
6
What is the units digit of 2788?
8
What is the units digit of 27799?
9
What is the thousands digit of 9476?
9
What is the ten thousands digit of 20645?
2
What is the tens digit of 4777?
7
What is the tens digit of 97397?
9
What is the thousands digit of 11369?
1
What is the tens digit of 2928?
2
What is the hundreds digit of 1907?
9
What is the tens digit of 1438?
3
What is the hundreds digit of 4868?
8
What is the tens digit of 502?
0
What is the thousands digit of 15811?
5
What is the tens digit of 30715?
1
What is the hundreds digit of 372?
3
What is the thousands digit of 132301?
2
What is the hundreds digit of 5018?
0
What is the hundreds digit of 448?
4
What is the tens digit of 3561?
6
What is the tens digit of 414?
1
What is the hundreds digit of 104903?
9
What is the thousands digit of 23886?
3
What is the tens digit of 1398?
9
What is the units digit of 224?
4
What is the hundreds digit of 10041?
0
What is the units digit of 1600?
0
What is the hundreds digit of 2047?
0
What is the thousands digit of 97187?
7
What is the units digit of 16592?
2
What is the units digit of 23988?
8
What is the thousands digit of 8175?
8
What is the hundreds digit of 690?
6
What is the tens digit of 131923?
2
What is the tens digit of 1193?
9
What is the hundreds digit of 15149?
1
What is the units digit of 90799?
9
What is the ten thousands digit of 22943?
2
What is the units digit of 73347?
7
What is the tens digit of 72705?
0
What is the tens digit of 3873?
7
What is the units digit of 51641?
1
What is the tens digit of 38782?
8
What is the ten thousands digit of 19161?
1
What is the thousands digit of 77343?
7
What is the hundreds digit of 478?
4
What is the hundreds digit of 2408?
4
What is the thousands digit of 1167?
1
What is the hundreds digit of 2864?
8
What is the ten thousands digit of 12426?
1
What is the thousands digit of 40429?
0
What is the tens digit of 156?
5
What is the units digit of 12935?
5
What is the units digit of 11552?
2
What is the hundreds digit of 7318?
3
What is the hundreds digit of 1082?
0
What is the units digit of 7277?
7
What is the hundreds digit of 1060?
0
What is the hundreds digit of 2329?
3
What is the hundreds digit of 13364?
3
What is the units digit of 63639?
9
What is the tens digit of 2542?
4
What is the tens digit of 19949?
4
What is the hundreds digit of 31741?
7
What is the thousands digit of 48390?
8
What is the units digit of 22636?
6
What is the hundreds digit of 21167?
1
What is the thousands digit of 22675?
2
What is the units digit of 111378?
8
What is the tens digit of 3986?
8
What is the units digit of 32886?
6
What is the thousands digit of 4344?
4
What is the thousands digit of 7551?
7
What is the ten thousands digit of 11521?
1
What is the hundreds digit of 3960?
9
What is the units digit of 62586?
6
What is the hundreds digit of 2717?
7
What is the units digit of 4970?
0
What is the thousands digit of 4193?
4
What is the hundreds digit of 1012?
0
What is the units digit of 6105?
5
What is the units digit of 902?
2
What is the thousands digit of 4363?
4
What is the hundreds digit of 331?
3
What is the ten thousands digit of 23819?
2
What is the thousands digit of 6167?
6
What is the hundreds digit of 38782?
7
What is the tens digit of 3457?
5
What is the units digit of 2449?
9
What is the hundreds digit of 4847?
8
What is the units digit of 57571?
1
What is the ten thousands digit of 26067?
2
What is the hundreds digit of 33317?
3
What is the units digit of 1663?
3
What is the tens digit of 5912?
1
What is the units digit of 465?
5
What is the units digit of 66785?
5
What is the hundreds digit of 19825?
8
What is the tens digit of 104?
0
What is the hundreds digit of 3679?
6
What is the thousands digit of 5560?
5
What is the tens digit of 8054?
5
What is the ten thousands digit of 41011?
4
What is the thousands digit of 1348?
1
What is the hundreds digit of 41151?
1
What is the units digit of 1146?
6
What is the tens digit of 1346?
4
What is the hundreds digit of 22924?
9
What is the units digit of 21750?
0
What is the hundreds digit of 235?
2
What is the hundreds digit of 2264?
2
What is the thousands digit of 11508?
1
What is the hundreds digit of 1374?
3
What is the tens digit of 5631?
3
What is the tens digit of 2753?
5
What is the tens digit of 1144?
4
What is the tens digit of 19153?
5
What is the thousands digit of 5688?
5
What is the thousands digit of 28173?
8
What is the tens digit of 13472?
7
What is the units dig